 613 composite?
False
Is 364103 a composite number?
False
Is 10607 a composite number?
False
Is 57103 composite?
True
Is 530853 a prime number?
False
Is 5059 a composite number?
False
Is 23773 composite?
False
Is 2528371 a prime number?
True
Is 153991 a composite number?
False
Is 37285 a prime number?
False
Is 31469 a prime number?
True
Is 587 prime?
True
Is 81763 a prime number?
False
Is 18283 prime?
False
Is 31303 prime?
False
Is 62549 prime?
True
Is 31481 a composite number?
False
Is 14657 a composite number?
False
Is 6161 a composite number?
True
Is 29217 a composite number?
True
Is 293637 prime?
False
Is 1393001 a composite number?
True
Is 267347 prime?
False
Is 466561 a prime number?
True
Is 154799 composite?
False
Is 429991 a prime number?
True
Is 50891 a composite number?
False
Is 41383 a prime number?
False
Is 1123253 a composite number?
True
Is 227363 prime?
True
Is 1477389 a prime number?
False
Is 164173 a prime number?
True
Is 8191 prime?
True
Is 11829 composite?
True
Is 119447 prime?
True
Is 23509 composite?
False
Is 4443 a prime number?
False
Is 5179 a prime number?
True
Is 6521 prime?
True
Is 15119 a composite number?
True
Is 5123 a composite number?
True
Is 48427 prime?
False
Is 243497 prime?
False
Is 785 composite?
True
Is 91 composite?
True
Is 1545451 a prime number?
False
Is 31721 a prime number?
True
Is 112417 composite?
True
Is 923843 prime?
False
Is 12671 a composite number?
False
Is 27593 prime?
False
Is 144611 a prime number?
True
Is 1926949 a composite number?
False
Is 1659701 a composite number?
True
Is 321437 prime?
False
Is 189413 prime?
False
Is 5347 composite?
False
Is 257 prime?
True
Is 721355 composite?
True
Is 1613587 prime?
True
Is 3755 a composite number?
True
Is 18065 a prime number?
False
Is 191339 a prime number?
True
Is 2631 composite?
True
Is 11677 a composite number?
False
Is 424939 a composite number?
False
Is 182159 a composite number?
False
Is 1561 prime?
False
Is 13799 a composite number?
False
Is 162671 a prime number?
True
Is 1361499 prime?
False
Is 1513693 a composite number?
False
Is 300043 composite?
False
Is 2059 a prime number?
False
Is 4907 prime?
False
Is 28901 composite?
False
Is 107339 a prime number?
True
Is 853 a prime number?
True
Is 228539 composite?
False
Is 64907 composite?
True
Is 955569 prime?
False
Is 8603 a prime number?
False
Is 6767 prime?
False
Is 137119 a prime number?
True
Is 13853 composite?
True
Is 3223 a composite number?
True
Is 28123 a prime number?
True
Is 11863 prime?
True
Is 120539 prime?
True
Is 7349 composite?
False
Is 8633 a composite number?
True
Is 6521 a composite number?
False
Is 226813 a composite number?
False
Is 438551 prime?
True
Is 992099 a composite number?
True
Is 43961 composite?
False
Is 536791 composite?
False
Is 3027 composite?
True
Is 4889 a composite number?
False
Is 2498 a prime number?
False
Is 7853 a prime number?
True
Is 116159 composite?
False
Is 97453 a prime number?
True
Is 76417 prime?
False
Is 193649 prime?
True
Is 75079 prime?
True
Is 22343 composite?
False
Is 2431909 prime?
True
Is 381209 composite?
False
Is 148615 prime?
False
Is 114047 a prime number?
False
Is 19271 a composite number?
True
Is 16873 a prime number?
False
Is 6533 a composite number?
True
Is 297317 prime?
True
Is 17401 a composite number?
False
Is 614 a prime number?
False
Is 769019 composite?
False
Is 17177 composite?
True
Is 4321 prime?
False
Is 15227 a composite number?
False
Is 7907 prime?
True
Is 554371 prime?
False
Is 1551587 a prime number?
False
Is 27841 composite?
True
Is 343493 composite?
True
Is 4741 prime?
False
Is 111797 a prime number?
False
Is 185431 composite?
True
Is 3246467 a composite number?
True
Is 191897 a composite number?
True
Is 561667 prime?
True
Is 750707 composite?
False
Is 277573 a prime number?
False
Is 5591 a prime number?
True
Is 2621 a composite number?
False
Is 64189 a prime number?
True
Is 48437 a composite number?
False
Is 6637 a prime number?
True
Is 50261 a composite number?
False
Is 1424723 prime?
True
Is 41579 a prime number?
True
Is 55889 composite?
False
Is 1131814 a prime number?
False
Is 4561 prime?
True
Is 25663 composite?
True
Is 47819 a prime number?
True
Is 110407 prime?
False
Is 14163 a prime number?
False
Is 21467 a prime number?
True
Is 134 a prime number?
False
Is 1115 composite?
True
Is 370159 prime?
True
Is 8057 a prime number?
False
Is 2231 composite?
True
Is 303037 prime?
False
Is 487861 composite?
True
Is 56587 a composite number?
True
Is 694 composite?
True
Is 33247 a prime number?
True
Is 61514 a prime number?
False
Is 21487 a prime number?
True
Is 3119 composite?
False
Is 821 prime?
True
Is 23419 composite?
True
Is 6733 a prime number?
True
Is 724973 a composite number?
True
Is 19619 composite?
True
Is 15811 a composite number?
True
Is 447333 composite?
True
Is 15121 composite?
False
Is 86269 composite?
False
Is 19529 prime?
False
Is 7529 a prime number?
True
Is 59971 composite?
False
Is 5971 a composite number?
True
Is 288865 prime?
False
Is 3593 a composite number?
False
Is 79327 a composite number?
True
Is 571 composite?
False
Is 182921 a prime number?
True
Is 5721 a prime number?
False
Is 34913 a composite number?
False
Is 5779 a prime number?
True
Is 971 a composite number?
False
Is 691 composite?
False
Is 19379 a composite number?
False
Is 34 a prime number?
False
Is 2921 a composite number?
True
Is 2075537 composite?
False
Is 679885 a composite number?
True
Is 12071 a composite number?
False
Is 5212435 prime?
False
Is 35251 a composite number?
False
Is 1598999 prime?
True
Is 9587 a prime number?
True
Is 1310419 composite?
True
Is 4835 composite?
True
Is 853 a prime number?
True
Is 463823 a prime number?
True
Is 9253 prime?
False
Is 46021 a composite number?
False
Is 50667 composite?
True
Is 339323 prime?
True
Is 31 prime?
True
Is 437177 prime?
False
Is 2777 a prime number?
True
Is 3953 a prime number?
False
Is 1068989 prime?
True
Is 228457 prime?
True
Is 11239 prime?
True
Is 8051 prime?
False
Is 742579 prime?
True
Is 144897 a prime number?
False
Is 1861543 composite?
False
Is 1960657 composite?
True
Is 117449 composite?
True
Is 36523 composite?
False
Is 60013 a prime number?
True
Is 1727 prime?
False
Is 502777 composite?
True
Is 144227 composite?
True
Is 706601 a composite number?
True
Is 3665 a composite number?
True
Is 9005 composite?
True
Is 2503 prime?
True
Is 15023 a composite number?
True
Is 67951 a prime number?
False
Is 10033 a composite number?
True
Is 55007 a prime number?
False
Is 26579 prime?
False
Is 1970221 a prime number?
False
Is 10786 prime?
False
Is 53969 a composite number?
True
Is 694415 prime?
False
Is 4583 prime?
True
Is 47453 a prime number?
False
Is 4391 a prime number?
True
Is 6805 a prime number?
False
Is 172001 prime?
True
Is 689746 a prime number?
False
Is 993098 a composite number?
True
Is 16273 a composite number?
False
Is 4083 a composite number?
True
Is 138815 a prime number?
False
Is 979441 a composite number?
True
Is 1616071 composite?
True
Is 17747 composite?
False
Is 107633 a prime number?
False
Is 4511843 composite?
True
Is 995783 composite?
False
Is 21961 prime?
True
Is 725357 composite?
False
Is 8459 a prime number?
False
Is 97 prime?
True
Is 15311 a composite number?
True
Is 3641 composite?
True
Is 49835 composite?
True
Is 95173 a prime number?
False
Is 10211 composite?
False
Is 145417 a prime number?
True
Is 361129 a prime number?
False
Is 40973 composite?
False
Is 3314989 a prime number?
False
Is 545 a composite number?
True
Is 1309181 a prime number?
True
Is 40163 a composite number?
False
Is 381931 composite?
True
Is 9239 a prime number?
True
Is 10793 prime?
False
Is 103715 composite?
True
Is 19117 a prime number?
False
Is 4752997 a composite number?
True
Is 17905 composite?
True
Is 138679 a prime number?
True
Is 979471 prime?
True
Is 19813 composite?
False
Is 80623 a composite number?
True
Is 2705 a prime number?
False
Is 593 prime?
True
Is 2741 a prime number?
True
Is 88159 composite?
True
Is 90353 a composite number?
False
Is 1351 composite?
True
Is 476201 composite?
True
Is 219911 a composite number?
False
Is 45983 a composite number?
True
Is 610817 a composite number?
False
Is 2427 a prime number?
False
Is 7709 a composite number?
True
Is 10589 prime